{"id":95,"date":"2022-03-30T11:07:59","date_gmt":"2022-03-30T11:07:59","guid":{"rendered":"https:\/\/museodecombarro.armadinha.gal\/?page_id=95"},"modified":"2022-03-30T12:58:55","modified_gmt":"2022-03-30T12:58:55","slug":"semana-do-museo","status":"publish","type":"page","link":"https:\/\/museodecombarro.armadinha.gal\/?page_id=95","title":{"rendered":"Semana do Museo"},"content":{"rendered":"\n<h3 class=\"wp-block-heading\"><strong>A Semana do Museo (2021) foi o primeiro paso de cara a constituci\u00f3n dun proxecto muse\u00edstico na vila de Combarro.  <\/strong><\/h3>\n\n\n\n<div class=\"wp-block-columns is-layout-flex wp-container-core-columns-is-layout-9d6595d7 wp-block-columns-is-layout-flex\">\n<div class=\"wp-block-column is-layout-flow wp-block-column-is-layout-flow\" style=\"flex-basis:100%\">\n<div class=\"wp-block-columns is-layout-flex wp-container-core-columns-is-layout-9d6595d7 wp-block-columns-is-layout-flex\">\n<div class=\"wp-block-column is-layout-flow wp-block-column-is-layout-flow\" style=\"flex-basis:100%\">\n<p>Do dous ao sete de agosto do pasado ano t\u00f3dalas persoas interesadas puideron gozar dunha ampla variedade de actividades relacionadas coa cultura e a posta en valor da identidade popular da vila.<\/p>\n<\/div>\n<\/div>\n<\/div>\n<\/div>\n\n\n\n<div class=\"wp-block-cover alignwide is-light has-custom-content-position is-position-bottom-left\"><span aria-hidden=\"true\" class=\"has-background-dim-10 wp-block-cover__gradient-background has-background-dim\"><\/span><img loading=\"lazy\" decoding=\"async\" width=\"1024\" height=\"768\" class=\"wp-block-cover__image-background wp-image-101\" alt=\"\" src=\"https:\/\/museodecombarro.armadinha.gal\/wp-content\/uploads\/2022\/03\/1b2582a5-fca2-4035-9262-32fa7f989ff5-1024x768.jpg\" style=\"object-position:45% 53%\" data-object-fit=\"cover\" data-object-position=\"45% 53%\" srcset=\"https:\/\/museodecombarro.armadinha.gal\/wp-content\/uploads\/2022\/03\/1b2582a5-fca2-4035-9262-32fa7f989ff5-1024x768.jpg 1024w, https:\/\/museodecombarro.armadinha.gal\/wp-content\/uploads\/2022\/03\/1b2582a5-fca2-4035-9262-32fa7f989ff5-300x225.jpg 300w, https:\/\/museodecombarro.armadinha.gal\/wp-content\/uploads\/2022\/03\/1b2582a5-fca2-4035-9262-32fa7f989ff5-768x576.jpg 768w, https:\/\/museodecombarro.armadinha.gal\/wp-content\/uploads\/2022\/03\/1b2582a5-fca2-4035-9262-32fa7f989ff5-1536x1152.jpg 1536w, https:\/\/museodecombarro.armadinha.gal\/wp-content\/uploads\/2022\/03\/1b2582a5-fca2-4035-9262-32fa7f989ff5.jpg 1600w\" sizes=\"auto, (max-width: 1024px) 100vw, 1024px\" \/><div class=\"wp-block-cover__inner-container is-layout-flow wp-block-cover-is-layout-flow\">\n<p class=\"has-large-font-size\">A Muller e o Mar<\/p>\n<\/div><\/div>\n\n\n\n<p><\/p>\n\n\n\n<div class=\"wp-block-cover alignwide is-light has-custom-content-position is-position-bottom-left\"><span aria-hidden=\"true\" class=\"has-background-dim-10 wp-block-cover__gradient-background has-background-dim\"><\/span><img loading=\"lazy\" decoding=\"async\" width=\"719\" height=\"599\" class=\"wp-block-cover__image-background wp-image-99\" alt=\"\" src=\"https:\/\/museodecombarro.armadinha.gal\/wp-content\/uploads\/2022\/03\/Lembranza-3-edited.png\" style=\"object-position:26% 20%\" data-object-fit=\"cover\" data-object-position=\"26% 20%\" srcset=\"https:\/\/museodecombarro.armadinha.gal\/wp-content\/uploads\/2022\/03\/Lembranza-3-edited.png 719w, https:\/\/museodecombarro.armadinha.gal\/wp-content\/uploads\/2022\/03\/Lembranza-3-edited-300x250.png 300w\" sizes=\"auto, (max-width: 719px) 100vw, 719px\" \/><div class=\"wp-block-cover__inner-container is-layout-flow wp-block-cover-is-layout-flow\">\n<p class=\"has-large-font-size\">Teatro<\/p>\n<\/div><\/div>\n\n\n\n<p><\/p>\n\n\n\n<div class=\"wp-block-cover alignwide has-custom-content-position is-position-bottom-left\"><span aria-hidden=\"true\" class=\"has-background-dim-30 wp-block-cover__gradient-background has-background-dim\"><\/span><img loading=\"lazy\" decoding=\"async\" width=\"1024\" height=\"683\" class=\"wp-block-cover__image-background wp-image-102\" alt=\"\" src=\"https:\/\/museodecombarro.armadinha.gal\/wp-content\/uploads\/2022\/03\/Miudinho-111_1300-1024x683-1.jpg\" data-object-fit=\"cover\" srcset=\"https:\/\/museodecombarro.armadinha.gal\/wp-content\/uploads\/2022\/03\/Miudinho-111_1300-1024x683-1.jpg 1024w, https:\/\/museodecombarro.armadinha.gal\/wp-content\/uploads\/2022\/03\/Miudinho-111_1300-1024x683-1-300x200.jpg 300w, https:\/\/museodecombarro.armadinha.gal\/wp-content\/uploads\/2022\/03\/Miudinho-111_1300-1024x683-1-768x512.jpg 768w, https:\/\/museodecombarro.armadinha.gal\/wp-content\/uploads\/2022\/03\/Miudinho-111_1300-1024x683-1-930x620.jpg 930w\" sizes=\"auto, (max-width: 1024px) 100vw, 1024px\" \/><div class=\"wp-block-cover__inner-container is-layout-flow wp-block-cover-is-layout-flow\">\n<p class=\"has-large-font-size\">Xogos Tradicionais<\/p>\n<\/div><\/div>\n\n\n\n<p><\/p>\n\n\n\n<div class=\"wp-block-cover alignwide has-custom-content-position is-position-bottom-left\"><span aria-hidden=\"true\" class=\"wp-block-cover__gradient-background has-background-dim\"><\/span><img loading=\"lazy\" decoding=\"async\" width=\"470\" height=\"277\" class=\"wp-block-cover__image-background wp-image-103\" alt=\"\" src=\"https:\/\/museodecombarro.armadinha.gal\/wp-content\/uploads\/2022\/03\/1310838998_extras_ladillos_1_0.jpg\" style=\"object-position:52% 0%\" data-object-fit=\"cover\" data-object-position=\"52% 0%\" srcset=\"https:\/\/museodecombarro.armadinha.gal\/wp-content\/uploads\/2022\/03\/1310838998_extras_ladillos_1_0.jpg 470w, https:\/\/museodecombarro.armadinha.gal\/wp-content\/uploads\/2022\/03\/1310838998_extras_ladillos_1_0-300x177.jpg 300w\" sizes=\"auto, (max-width: 470px) 100vw, 470px\" \/><div class=\"wp-block-cover__inner-container is-layout-flow wp-block-cover-is-layout-flow\">\n<p class=\"has-large-font-size\">Roteiro Nocturno aos Petr\u00f3glifos<\/p>\n<\/div><\/div>\n\n\n\n<p><\/p>\n\n\n\n<p><\/p>\n","protected":false},"excerpt":{"rendered":"<p>A Semana do Museo (2021) foi o primeiro paso de cara a constituci\u00f3n dun proxecto muse\u00edstico na vila de Combarro. Do dous ao sete de agosto do pasado ano t\u00f3dalas persoas interesadas puideron gozar dunha ampla variedade de actividades relacionadas coa cultura e a posta en valor da identidade popular da vila.<\/p>\n","protected":false},"author":1,"featured_media":0,"parent":6,"menu_order":0,"comment_status":"closed","ping_status":"closed","template":"","meta":{"neve_meta_sidebar":"full-width","neve_meta_container":"","neve_meta_enable_content_width":"on","neve_meta_content_width":100,"neve_meta_title_alignment":"","neve_meta_author_avatar":"","neve_post_elements_order":"","neve_meta_disable_header":"","neve_meta_disable_footer":"","neve_meta_disable_title":"","footnotes":""},"class_list":["post-95","page","type-page","status-publish","hentry"],"_links":{"self":[{"href":"https:\/\/museodecombarro.armadinha.gal\/index.php?rest_route=\/wp\/v2\/pages\/95","targetHints":{"allow":["GET"]}}],"collection":[{"href":"https:\/\/museodecombarro.armadinha.gal\/index.php?rest_route=\/wp\/v2\/pages"}],"about":[{"href":"https:\/\/museodecombarro.armadinha.gal\/index.php?rest_route=\/wp\/v2\/types\/page"}],"author":[{"embeddable":true,"href":"https:\/\/museodecombarro.armadinha.gal\/index.php?rest_route=\/wp\/v2\/users\/1"}],"replies":[{"embeddable":true,"href":"https:\/\/museodecombarro.armadinha.gal\/index.php?rest_route=%2Fwp%2Fv2%2Fcomments&post=95"}],"version-history":[{"count":13,"href":"https:\/\/museodecombarro.armadinha.gal\/index.php?rest_route=\/wp\/v2\/pages\/95\/revisions"}],"predecessor-version":[{"id":124,"href":"https:\/\/museodecombarro.armadinha.gal\/index.php?rest_route=\/wp\/v2\/pages\/95\/revisions\/124"}],"up":[{"embeddable":true,"href":"https:\/\/museodecombarro.armadinha.gal\/index.php?rest_route=\/wp\/v2\/pages\/6"}],"wp:attachment":[{"href":"https:\/\/museodecombarro.armadinha.gal\/index.php?rest_route=%2Fwp%2Fv2%2Fmedia&parent=95"}],"curies":[{"name":"wp","href":"https:\/\/api.w.org\/{rel}","templated":true}]}}

<h3 class="wp-block-heading"><strong>A Semana do Museo (2021) foi o primeiro paso de cara a constitución dun proxecto museístico na vila de Combarro.  </strong></h3>



<div class="wp-block-columns is-layout-flex wp-container-core-columns-is-layout-9d6595d7 wp-block-columns-is-layout-flex">
<div class="wp-block-column is-layout-flow wp-block-column-is-layout-flow" style="flex-basis:100%">
<div class="wp-block-columns is-layout-flex wp-container-core-columns-is-layout-9d6595d7 wp-block-columns-is-layout-flex">
<div class="wp-block-column is-layout-flow wp-block-column-is-layout-flow" style="flex-basis:100%">
<p>Do dous ao sete de agosto do pasado ano tódalas persoas interesadas puideron gozar dunha ampla variedade de actividades relacionadas coa cultura e a posta en valor da identidade popular da vila.</p>
</div>
</div>
</div>
</div>



<div class="wp-block-cover alignwide is-light has-custom-content-position is-position-bottom-left"><span aria-hidden="true" class="has-background-dim-10 wp-block-cover__gradient-background has-background-dim"></span><img loading="lazy" decoding="async" width="1024" height="768" class="wp-block-cover__image-background wp-image-101" alt="" src="https://museodecombarro.armadinha.gal/wp-content/uploads/2022/03/1b2582a5-fca2-4035-9262-32fa7f989ff5-1024x768.jpg" style="object-position:45% 53%" data-object-fit="cover" data-object-position="45% 53%" srcset="https://museodecombarro.armadinha.gal/wp-content/uploads/2022/03/1b2582a5-fca2-4035-9262-32fa7f989ff5-1024x768.jpg 1024w, https://museodecombarro.armadinha.gal/wp-content/uploads/2022/03/1b2582a5-fca2-4035-9262-32fa7f989ff5-300x225.jpg 300w, https://museodecombarro.armadinha.gal/wp-content/uploads/2022/03/1b2582a5-fca2-4035-9262-32fa7f989ff5-768x576.jpg 768w, https://museodecombarro.armadinha.gal/wp-content/uploads/2022/03/1b2582a5-fca2-4035-9262-32fa7f989ff5-1536x1152.jpg 1536w, https://museodecombarro.armadinha.gal/wp-content/uploads/2022/03/1b2582a5-fca2-4035-9262-32fa7f989ff5.jpg 1600w" sizes="auto, (max-width: 1024px) 100vw, 1024px" /><div class="wp-block-cover__inner-container is-layout-flow wp-block-cover-is-layout-flow">
<p class="has-large-font-size">A Muller e o Mar</p>
</div></div>



<p></p>



<div class="wp-block-cover alignwide is-light has-custom-content-position is-position-bottom-left"><span aria-hidden="true" class="has-background-dim-10 wp-block-cover__gradient-background has-background-dim"></span><img loading="lazy" decoding="async" width="719" height="599" class="wp-block-cover__image-background wp-image-99" alt="" src="https://museodecombarro.armadinha.gal/wp-content/uploads/2022/03/Lembranza-3-edited.png" style="object-position:26% 20%" data-object-fit="cover" data-object-position="26% 20%" srcset="https://museodecombarro.armadinha.gal/wp-content/uploads/2022/03/Lembranza-3-edited.png 719w, https://museodecombarro.armadinha.gal/wp-content/uploads/2022/03/Lembranza-3-edited-300x250.png 300w" sizes="auto, (max-width: 719px) 100vw, 719px" /><div class="wp-block-cover__inner-container is-layout-flow wp-block-cover-is-layout-flow">
<p class="has-large-font-size">Teatro</p>
</div></div>



<p></p>



<div class="wp-block-cover alignwide has-custom-content-position is-position-bottom-left"><span aria-hidden="true" class="has-background-dim-30 wp-block-cover__gradient-background has-background-dim"></span><img loading="lazy" decoding="async" width="1024" height="683" class="wp-block-cover__image-background wp-image-102" alt="" src="https://museodecombarro.armadinha.gal/wp-content/uploads/2022/03/Miudinho-111_1300-1024x683-1.jpg" data-object-fit="cover" srcset="https://museodecombarro.armadinha.gal/wp-content/uploads/2022/03/Miudinho-111_1300-1024x683-1.jpg 1024w, https://museodecombarro.armadinha.gal/wp-content/uploads/2022/03/Miudinho-111_1300-1024x683-1-300x200.jpg 300w, https://museodecombarro.armadinha.gal/wp-content/uploads/2022/03/Miudinho-111_1300-1024x683-1-768x512.jpg 768w, https://museodecombarro.armadinha.gal/wp-content/uploads/2022/03/Miudinho-111_1300-1024x683-1-930x620.jpg 930w" sizes="auto, (max-width: 1024px) 100vw, 1024px" /><div class="wp-block-cover__inner-container is-layout-flow wp-block-cover-is-layout-flow">
<p class="has-large-font-size">Xogos Tradicionais</p>
</div></div>



<p></p>



<div class="wp-block-cover alignwide has-custom-content-position is-position-bottom-left"><span aria-hidden="true" class="wp-block-cover__gradient-background has-background-dim"></span><img loading="lazy" decoding="async" width="470" height="277" class="wp-block-cover__image-background wp-image-103" alt="" src="https://museodecombarro.armadinha.gal/wp-content/uploads/2022/03/1310838998_extras_ladillos_1_0.jpg" style="object-position:52% 0%" data-object-fit="cover" data-object-position="52% 0%" srcset="https://museodecombarro.armadinha.gal/wp-content/uploads/2022/03/1310838998_extras_ladillos_1_0.jpg 470w, https://museodecombarro.armadinha.gal/wp-content/uploads/2022/03/1310838998_extras_ladillos_1_0-300x177.jpg 300w" sizes="auto, (max-width: 470px) 100vw, 470px" /><div class="wp-block-cover__inner-container is-layout-flow wp-block-cover-is-layout-flow">
<p class="has-large-font-size">Roteiro Nocturno aos Petróglifos</p>
</div></div>



<p></p>



<p></p>

<p>A Semana do Museo (2021) foi o primeiro paso de cara a constitución dun proxecto museístico na vila de Combarro. Do dous ao sete de agosto do pasado ano tódalas persoas interesadas puideron gozar dunha ampla variedade de actividades relacionadas coa cultura e a posta en valor da identidade popular da vila.</p>
