{"id":185,"date":"2022-06-02T11:58:01","date_gmt":"2022-06-02T11:58:01","guid":{"rendered":"https:\/\/museodecombarro.armadinha.gal\/?page_id=185"},"modified":"2022-07-21T11:43:53","modified_gmt":"2022-07-21T11:43:53","slug":"roteiros-educativos","status":"publish","type":"page","link":"https:\/\/museodecombarro.armadinha.gal\/?page_id=185","title":{"rendered":"Roteiros Educativos"},"content":{"rendered":"\n<p>Unha das principais finalidades do Museo de Combarro \u00e9 o de por en valor o Patrimonio Cultural e Natural da vila e da s\u00faa contorna. Un obxectivo a cumplir e achegar co\u00f1ecementos sobre os principais xacementos culturais, cos que convivimos tanto nos coma os nosos devanceiros, a xuventude. Por\u00e9n o pasado mes de abril levamos a cabo esta inciativa co alumnado do <em>Ciclo Formativo de Gu\u00eda no Medio Natural e de Tempo Libre<\/em> do IES de Poio. <\/p>\n\n\n\n<p><strong><em>\u00bfQu\u00e9 se visitou durante este roteiro?<\/em><\/strong><\/p>\n\n\n\n<ul class=\"wp-block-list\"><li><strong>A Cuna da Moura:<\/strong> Formaci\u00f3n xeol\u00f3xica natural mediante proceso erosivo con un alto valor patrimonial no imaxinario popular do pobo de Combarro. Esta formaci\u00f3n rochosa vinc\u00falase a figura mitol\u00f3xica da Moura.<\/li><li><strong>Estaci\u00f3n rupestre do Xuvi\u00f1o:<\/strong> Representaci\u00f3ns de arte rupestre moi achegada ao n\u00facleo poboacional do Xuvi\u00f1o (apenas a 250 metros). Nestas rochas est\u00e1n grabados c\u00edrculos conc\u00e9ntricos, c\u00e9rvidos e cazoletas.<\/li><li><strong>Capela da Renda: <\/strong>Capela constru\u00edda en 1712 para rendir culto a Nosa Se\u00f1ora de Gracia, foi reconstru\u00edda en 1985 tras afundirse o teito por unha tempestade. Tam\u00e9n ten relevancia o Cruceiro da Capela da Renda.<\/li><li><strong>Castro da Civid\u00e1:<\/strong> Castro sen intervir que se atopa a escasos metros da Capela da Renda. Est\u00e1 moi transformado pola labor agr\u00edcola e polo establecemento dunha canteira nunha das s\u00faas caras. Os restos cer\u00e1micos que se ven en superficie evidencian \u00e1 \u00e9poca romana.<\/li><\/ul>\n\n\n\n<p>Estos enclaves contan cunha gran relevancia na identidade e na cultura da nosa vila, pero a\u00ednda quedaron moitos lugares por descubrir: os lavadoiros, os mui\u00f1os da Sela e do Pereiro, as diversas palleiras, as estaci\u00f3ns rupestres que est\u00e1n diseminadas polo monte&#8230; <\/p>\n\n\n\n<p>Dende Mus.Co esperamos con moitas ganas volver a traballar coa xuventude a e as crianzas para dar a co\u00f1ecer a riqueza cultural e natural do noso entorno.<\/p>\n\n\n\n<div class=\"wp-block-group\"><div class=\"wp-block-group__inner-container is-layout-flow wp-block-group-is-layout-flow\"><div class=\"wp-block-image\">\n<figure class=\"aligncenter size-large is-resized\"><img decoding=\"async\" src=\"https:\/\/museodecombarro.armadinha.gal\/wp-content\/uploads\/2022\/06\/40f122f1-4665-4377-bc8f-658841f93ee0-1-edited.jpg\" alt=\"\" class=\"wp-image-187\" width=\"515\" srcset=\"https:\/\/museodecombarro.armadinha.gal\/wp-content\/uploads\/2022\/06\/40f122f1-4665-4377-bc8f-658841f93ee0-1-edited.jpg 2000w, https:\/\/museodecombarro.armadinha.gal\/wp-content\/uploads\/2022\/06\/40f122f1-4665-4377-bc8f-658841f93ee0-1-edited-300x188.jpg 300w, https:\/\/museodecombarro.armadinha.gal\/wp-content\/uploads\/2022\/06\/40f122f1-4665-4377-bc8f-658841f93ee0-1-edited-1024x641.jpg 1024w, https:\/\/museodecombarro.armadinha.gal\/wp-content\/uploads\/2022\/06\/40f122f1-4665-4377-bc8f-658841f93ee0-1-edited-768x480.jpg 768w, https:\/\/museodecombarro.armadinha.gal\/wp-content\/uploads\/2022\/06\/40f122f1-4665-4377-bc8f-658841f93ee0-1-edited-1536x961.jpg 1536w\" sizes=\"(max-width: 2000px) 100vw, 2000px\" \/><\/figure>\n<\/div><\/div><\/div>\n\n\n\n<p>Se queres facer o Roteiro pola t\u00faa conta, aqu\u00ed tes unhas indicaci\u00f3ns que che poden axudar: <\/p>\n\n\n\n<p><a href=\"https:\/\/www.google.com\/maps\/d\/viewer?mid=1_CjAS7k2IgwXvmvK4ZBAhKeKO1MtIoU&amp;hl=es&amp;usp=sharing\" target=\"_blank\" rel=\"noreferrer noopener\">Mapa en Google Maps<\/a><\/p>\n","protected":false},"excerpt":{"rendered":"<p>Unha das principais finalidades do Museo de Combarro \u00e9 o de por en valor o Patrimonio Cultural e Natural da vila e da s\u00faa contorna. Un obxectivo a cumplir e achegar co\u00f1ecementos sobre os principais xacementos culturais, cos que convivimos tanto nos coma os nosos devanceiros, a xuventude. Por\u00e9n o pasado mes de abril levamos&hellip;&nbsp;<a href=\"https:\/\/museodecombarro.armadinha.gal\/?page_id=185\" rel=\"bookmark\">Ler m\u00e1is &raquo;<span class=\"screen-reader-text\">Roteiros Educativos<\/span><\/a><\/p>\n","protected":false},"author":1,"featured_media":0,"parent":0,"menu_order":0,"comment_status":"closed","ping_status":"closed","template":"","meta":{"neve_meta_sidebar":"full-width","neve_meta_container":"","neve_meta_enable_content_width":"on","neve_meta_content_width":100,"neve_meta_title_alignment":"","neve_meta_author_avatar":"","neve_post_elements_order":"","neve_meta_disable_header":"","neve_meta_disable_footer":"","neve_meta_disable_title":"","footnotes":""},"class_list":["post-185","page","type-page","status-publish","hentry"],"_links":{"self":[{"href":"https:\/\/museodecombarro.armadinha.gal\/index.php?rest_route=\/wp\/v2\/pages\/185","targetHints":{"allow":["GET"]}}],"collection":[{"href":"https:\/\/museodecombarro.armadinha.gal\/index.php?rest_route=\/wp\/v2\/pages"}],"about":[{"href":"https:\/\/museodecombarro.armadinha.gal\/index.php?rest_route=\/wp\/v2\/types\/page"}],"author":[{"embeddable":true,"href":"https:\/\/museodecombarro.armadinha.gal\/index.php?rest_route=\/wp\/v2\/users\/1"}],"replies":[{"embeddable":true,"href":"https:\/\/museodecombarro.armadinha.gal\/index.php?rest_route=%2Fwp%2Fv2%2Fcomments&post=185"}],"version-history":[{"count":2,"href":"https:\/\/museodecombarro.armadinha.gal\/index.php?rest_route=\/wp\/v2\/pages\/185\/revisions"}],"predecessor-version":[{"id":218,"href":"https:\/\/museodecombarro.armadinha.gal\/index.php?rest_route=\/wp\/v2\/pages\/185\/revisions\/218"}],"wp:attachment":[{"href":"https:\/\/museodecombarro.armadinha.gal\/index.php?rest_route=%2Fwp%2Fv2%2Fmedia&parent=185"}],"curies":[{"name":"wp","href":"https:\/\/api.w.org\/{rel}","templated":true}]}}

<p>Unha das principais finalidades do Museo de Combarro é o de por en valor o Patrimonio Cultural e Natural da vila e da súa contorna. Un obxectivo a cumplir e achegar coñecementos sobre os principais xacementos culturais, cos que convivimos tanto nos coma os nosos devanceiros, a xuventude. Porén o pasado mes de abril levamos a cabo esta inciativa co alumnado do <em>Ciclo Formativo de Guía no Medio Natural e de Tempo Libre</em> do IES de Poio. </p>



<p><strong><em>¿Qué se visitou durante este roteiro?</em></strong></p>



<ul class="wp-block-list"><li><strong>A Cuna da Moura:</strong> Formación xeolóxica natural mediante proceso erosivo con un alto valor patrimonial no imaxinario popular do pobo de Combarro. Esta formación rochosa vincúlase a figura mitolóxica da Moura.</li><li><strong>Estación rupestre do Xuviño:</strong> Representacións de arte rupestre moi achegada ao núcleo poboacional do Xuviño (apenas a 250 metros). Nestas rochas están grabados círculos concéntricos, cérvidos e cazoletas.</li><li><strong>Capela da Renda: </strong>Capela construída en 1712 para rendir culto a Nosa Señora de Gracia, foi reconstruída en 1985 tras afundirse o teito por unha tempestade. Tamén ten relevancia o Cruceiro da Capela da Renda.</li><li><strong>Castro da Cividá:</strong> Castro sen intervir que se atopa a escasos metros da Capela da Renda. Está moi transformado pola labor agrícola e polo establecemento dunha canteira nunha das súas caras. Os restos cerámicos que se ven en superficie evidencian á época romana.</li></ul>



<p>Estos enclaves contan cunha gran relevancia na identidade e na cultura da nosa vila, pero aínda quedaron moitos lugares por descubrir: os lavadoiros, os muiños da Sela e do Pereiro, as diversas palleiras, as estacións rupestres que están diseminadas polo monte&#8230; </p>



<p>Dende Mus.Co esperamos con moitas ganas volver a traballar coa xuventude a e as crianzas para dar a coñecer a riqueza cultural e natural do noso entorno.</p>



<div class="wp-block-group"><div class="wp-block-group__inner-container is-layout-flow wp-block-group-is-layout-flow"><div class="wp-block-image">
<figure class="aligncenter size-large is-resized"><img decoding="async" src="https://museodecombarro.armadinha.gal/wp-content/uploads/2022/06/40f122f1-4665-4377-bc8f-658841f93ee0-1-edited.jpg" alt="" class="wp-image-187" width="515" srcset="https://museodecombarro.armadinha.gal/wp-content/uploads/2022/06/40f122f1-4665-4377-bc8f-658841f93ee0-1-edited.jpg 2000w, https://museodecombarro.armadinha.gal/wp-content/uploads/2022/06/40f122f1-4665-4377-bc8f-658841f93ee0-1-edited-300x188.jpg 300w, https://museodecombarro.armadinha.gal/wp-content/uploads/2022/06/40f122f1-4665-4377-bc8f-658841f93ee0-1-edited-1024x641.jpg 1024w, https://museodecombarro.armadinha.gal/wp-content/uploads/2022/06/40f122f1-4665-4377-bc8f-658841f93ee0-1-edited-768x480.jpg 768w, https://museodecombarro.armadinha.gal/wp-content/uploads/2022/06/40f122f1-4665-4377-bc8f-658841f93ee0-1-edited-1536x961.jpg 1536w" sizes="(max-width: 2000px) 100vw, 2000px" /></figure>
</div></div></div>



<p>Se queres facer o Roteiro pola túa conta, aquí tes unhas indicacións que che poden axudar: </p>



<p><a href="https://www.google.com/maps/d/viewer?mid=1_CjAS7k2IgwXvmvK4ZBAhKeKO1MtIoU&amp;hl=es&amp;usp=sharing" target="_blank" rel="noreferrer noopener">Mapa en Google Maps</a></p>

<p>Unha das principais finalidades do Museo de Combarro é o de por en valor o Patrimonio Cultural e Natural da vila e da súa contorna. Un obxectivo a cumplir e achegar coñecementos sobre os principais xacementos culturais, cos que convivimos tanto nos coma os nosos devanceiros, a xuventude. Porén o pasado mes de abril levamos&hellip;&nbsp;<a href="https://museodecombarro.armadinha.gal/?page_id=185" rel="bookmark">Ler máis &raquo;<span class="screen-reader-text">Roteiros Educativos</span></a></p>
