{"id":147,"date":"2022-03-30T14:54:16","date_gmt":"2022-03-30T14:54:16","guid":{"rendered":"https:\/\/museodecombarro.armadinha.gal\/?page_id=147"},"modified":"2022-03-30T14:54:17","modified_gmt":"2022-03-30T14:54:17","slug":"coloquio-asociacionismo","status":"publish","type":"page","link":"https:\/\/museodecombarro.armadinha.gal\/?page_id=147","title":{"rendered":"Coloquio Asociacionismo"},"content":{"rendered":"\n<p>Mediante esta actividade a Comisi\u00f3n do Museo, integrada na Asociaci\u00f3n Armadi\u00f1a, explicou aos estudantes de primeiro de bacharelato do IES de Poio cales son os cauces polos que se desenrola un proxecto. A finalidade deste coloquio era achegar a xuventude o tecido asociativo e todas as posibilidades que este representa.<\/p>\n\n\n\n<p>Os integrantes da Comisi\u00f3n de Mus.Co deron conta de c\u00f3mo se formou esta campa\u00f1a promuseo, c\u00f3mo se dise\u00f1ou o proxecto da Semana do Museo e cales son as dem\u00e1is actividades e cursos que se levan a cabo dende a Asociaci\u00f3n Armadi\u00f1a.<\/p>\n\n\n\n<p>Trala presentaci\u00f3n, os estudantes comentaron alg\u00fans posibles proxectos futuros. A intenci\u00f3n final era que os mozos e mozas comprendesen que todos, mediante vontade, podemos levar adiante un proxecto.<\/p>\n\n\n\n<figure class=\"wp-block-gallery has-nested-images columns-default is-cropped wp-block-gallery-1 is-layout-flex wp-block-gallery-is-layout-flex\">\n<figure class=\"wp-block-image size-large\"><img loading=\"lazy\" decoding=\"async\" width=\"1024\" height=\"768\" data-id=\"150\" src=\"https:\/\/museodecombarro.armadinha.gal\/wp-content\/uploads\/2022\/03\/e9fb7680-d89c-4448-92b4-b5a570d1579e.jpg\" alt=\"\" class=\"wp-image-150\" srcset=\"https:\/\/museodecombarro.armadinha.gal\/wp-content\/uploads\/2022\/03\/e9fb7680-d89c-4448-92b4-b5a570d1579e.jpg 1024w, https:\/\/museodecombarro.armadinha.gal\/wp-content\/uploads\/2022\/03\/e9fb7680-d89c-4448-92b4-b5a570d1579e-300x225.jpg 300w, https:\/\/museodecombarro.armadinha.gal\/wp-content\/uploads\/2022\/03\/e9fb7680-d89c-4448-92b4-b5a570d1579e-768x576.jpg 768w\" sizes=\"auto, (max-width: 1024px) 100vw, 1024px\" \/><\/figure>\n\n\n\n<figure class=\"wp-block-image size-large\"><img loading=\"lazy\" decoding=\"async\" width=\"1024\" height=\"768\" data-id=\"149\" src=\"https:\/\/museodecombarro.armadinha.gal\/wp-content\/uploads\/2022\/03\/83613845-1c88-4cdd-9dab-ae36ba33e5ff.jpg\" alt=\"\" class=\"wp-image-149\" srcset=\"https:\/\/museodecombarro.armadinha.gal\/wp-content\/uploads\/2022\/03\/83613845-1c88-4cdd-9dab-ae36ba33e5ff.jpg 1024w, https:\/\/museodecombarro.armadinha.gal\/wp-content\/uploads\/2022\/03\/83613845-1c88-4cdd-9dab-ae36ba33e5ff-300x225.jpg 300w, https:\/\/museodecombarro.armadinha.gal\/wp-content\/uploads\/2022\/03\/83613845-1c88-4cdd-9dab-ae36ba33e5ff-768x576.jpg 768w\" sizes=\"auto, (max-width: 1024px) 100vw, 1024px\" \/><\/figure>\n\n\n\n<figure class=\"wp-block-image size-large\"><img loading=\"lazy\" decoding=\"async\" width=\"1024\" height=\"768\" data-id=\"148\" src=\"https:\/\/museodecombarro.armadinha.gal\/wp-content\/uploads\/2022\/03\/8f24727d-8738-4fd7-ad49-aba1ff17e33a.jpg\" alt=\"\" class=\"wp-image-148\" srcset=\"https:\/\/museodecombarro.armadinha.gal\/wp-content\/uploads\/2022\/03\/8f24727d-8738-4fd7-ad49-aba1ff17e33a.jpg 1024w, https:\/\/museodecombarro.armadinha.gal\/wp-content\/uploads\/2022\/03\/8f24727d-8738-4fd7-ad49-aba1ff17e33a-300x225.jpg 300w, https:\/\/museodecombarro.armadinha.gal\/wp-content\/uploads\/2022\/03\/8f24727d-8738-4fd7-ad49-aba1ff17e33a-768x576.jpg 768w\" sizes=\"auto, (max-width: 1024px) 100vw, 1024px\" \/><\/figure>\n<\/figure>\n\n\n\n<p><\/p>\n","protected":false},"excerpt":{"rendered":"<p>Mediante esta actividade a Comisi\u00f3n do Museo, integrada na Asociaci\u00f3n Armadi\u00f1a, explicou aos estudantes de primeiro de bacharelato do IES de Poio cales son os cauces polos que se desenrola un proxecto. A finalidade deste coloquio era achegar a xuventude o tecido asociativo e todas as posibilidades que este representa. Os integrantes da Comisi\u00f3n de&hellip;&nbsp;<a href=\"https:\/\/museodecombarro.armadinha.gal\/?page_id=147\" rel=\"bookmark\">Ler m\u00e1is &raquo;<span class=\"screen-reader-text\">Coloquio Asociacionismo<\/span><\/a><\/p>\n","protected":false},"author":1,"featured_media":0,"parent":0,"menu_order":0,"comment_status":"closed","ping_status":"closed","template":"","meta":{"neve_meta_sidebar":"full-width","neve_meta_container":"","neve_meta_enable_content_width":"on","neve_meta_content_width":100,"neve_meta_title_alignment":"","neve_meta_author_avatar":"","neve_post_elements_order":"","neve_meta_disable_header":"","neve_meta_disable_footer":"","neve_meta_disable_title":"","footnotes":""},"class_list":["post-147","page","type-page","status-publish","hentry"],"_links":{"self":[{"href":"https:\/\/museodecombarro.armadinha.gal\/index.php?rest_route=\/wp\/v2\/pages\/147","targetHints":{"allow":["GET"]}}],"collection":[{"href":"https:\/\/museodecombarro.armadinha.gal\/index.php?rest_route=\/wp\/v2\/pages"}],"about":[{"href":"https:\/\/museodecombarro.armadinha.gal\/index.php?rest_route=\/wp\/v2\/types\/page"}],"author":[{"embeddable":true,"href":"https:\/\/museodecombarro.armadinha.gal\/index.php?rest_route=\/wp\/v2\/users\/1"}],"replies":[{"embeddable":true,"href":"https:\/\/museodecombarro.armadinha.gal\/index.php?rest_route=%2Fwp%2Fv2%2Fcomments&post=147"}],"version-history":[{"count":1,"href":"https:\/\/museodecombarro.armadinha.gal\/index.php?rest_route=\/wp\/v2\/pages\/147\/revisions"}],"predecessor-version":[{"id":151,"href":"https:\/\/museodecombarro.armadinha.gal\/index.php?rest_route=\/wp\/v2\/pages\/147\/revisions\/151"}],"wp:attachment":[{"href":"https:\/\/museodecombarro.armadinha.gal\/index.php?rest_route=%2Fwp%2Fv2%2Fmedia&parent=147"}],"curies":[{"name":"wp","href":"https:\/\/api.w.org\/{rel}","templated":true}]}}

<p>Mediante esta actividade a Comisión do Museo, integrada na Asociación Armadiña, explicou aos estudantes de primeiro de bacharelato do IES de Poio cales son os cauces polos que se desenrola un proxecto. A finalidade deste coloquio era achegar a xuventude o tecido asociativo e todas as posibilidades que este representa.</p>



<p>Os integrantes da Comisión de Mus.Co deron conta de cómo se formou esta campaña promuseo, cómo se diseñou o proxecto da Semana do Museo e cales son as demáis actividades e cursos que se levan a cabo dende a Asociación Armadiña.</p>



<p>Trala presentación, os estudantes comentaron algúns posibles proxectos futuros. A intención final era que os mozos e mozas comprendesen que todos, mediante vontade, podemos levar adiante un proxecto.</p>



<figure class="wp-block-gallery has-nested-images columns-default is-cropped wp-block-gallery-1 is-layout-flex wp-block-gallery-is-layout-flex">
<figure class="wp-block-image size-large"><img loading="lazy" decoding="async" width="1024" height="768" data-id="150" src="https://museodecombarro.armadinha.gal/wp-content/uploads/2022/03/e9fb7680-d89c-4448-92b4-b5a570d1579e.jpg" alt="" class="wp-image-150" srcset="https://museodecombarro.armadinha.gal/wp-content/uploads/2022/03/e9fb7680-d89c-4448-92b4-b5a570d1579e.jpg 1024w, https://museodecombarro.armadinha.gal/wp-content/uploads/2022/03/e9fb7680-d89c-4448-92b4-b5a570d1579e-300x225.jpg 300w, https://museodecombarro.armadinha.gal/wp-content/uploads/2022/03/e9fb7680-d89c-4448-92b4-b5a570d1579e-768x576.jpg 768w" sizes="auto, (max-width: 1024px) 100vw, 1024px" /></figure>



<figure class="wp-block-image size-large"><img loading="lazy" decoding="async" width="1024" height="768" data-id="149" src="https://museodecombarro.armadinha.gal/wp-content/uploads/2022/03/83613845-1c88-4cdd-9dab-ae36ba33e5ff.jpg" alt="" class="wp-image-149" srcset="https://museodecombarro.armadinha.gal/wp-content/uploads/2022/03/83613845-1c88-4cdd-9dab-ae36ba33e5ff.jpg 1024w, https://museodecombarro.armadinha.gal/wp-content/uploads/2022/03/83613845-1c88-4cdd-9dab-ae36ba33e5ff-300x225.jpg 300w, https://museodecombarro.armadinha.gal/wp-content/uploads/2022/03/83613845-1c88-4cdd-9dab-ae36ba33e5ff-768x576.jpg 768w" sizes="auto, (max-width: 1024px) 100vw, 1024px" /></figure>



<figure class="wp-block-image size-large"><img loading="lazy" decoding="async" width="1024" height="768" data-id="148" src="https://museodecombarro.armadinha.gal/wp-content/uploads/2022/03/8f24727d-8738-4fd7-ad49-aba1ff17e33a.jpg" alt="" class="wp-image-148" srcset="https://museodecombarro.armadinha.gal/wp-content/uploads/2022/03/8f24727d-8738-4fd7-ad49-aba1ff17e33a.jpg 1024w, https://museodecombarro.armadinha.gal/wp-content/uploads/2022/03/8f24727d-8738-4fd7-ad49-aba1ff17e33a-300x225.jpg 300w, https://museodecombarro.armadinha.gal/wp-content/uploads/2022/03/8f24727d-8738-4fd7-ad49-aba1ff17e33a-768x576.jpg 768w" sizes="auto, (max-width: 1024px) 100vw, 1024px" /></figure>
</figure>



<p></p>

<p>Mediante esta actividade a Comisión do Museo, integrada na Asociación Armadiña, explicou aos estudantes de primeiro de bacharelato do IES de Poio cales son os cauces polos que se desenrola un proxecto. A finalidade deste coloquio era achegar a xuventude o tecido asociativo e todas as posibilidades que este representa. Os integrantes da Comisión de&hellip;&nbsp;<a href="https://museodecombarro.armadinha.gal/?page_id=147" rel="bookmark">Ler máis &raquo;<span class="screen-reader-text">Coloquio Asociacionismo</span></a></p>
