{"id":129,"date":"2022-03-30T14:18:18","date_gmt":"2022-03-30T14:18:18","guid":{"rendered":"https:\/\/museodecombarro.armadinha.gal\/?page_id=129"},"modified":"2022-03-30T14:28:03","modified_gmt":"2022-03-30T14:28:03","slug":"facemos-camino","status":"publish","type":"page","link":"https:\/\/museodecombarro.armadinha.gal\/?page_id=129","title":{"rendered":"Facemos Cami\u00f1o?"},"content":{"rendered":"\n<p>Na ma\u00f1\u00e1 do d\u00eda 19 de decembro (2021), Mus.Co organiz\u00f3u un roteiro ben\u00e9fico pola contorna de Combarro ata as Fervenzas do Pereiro para dar a co\u00f1ecer o patrimonio cultural e natural.<\/p>\n\n\n\n<p>Neste roteiro participaron unha veintena de persoas que desfrutaron da cara m\u00e1is desco\u00f1ecida de Combarro. A trav\u00e9s dos case dez kil\u00f3metros do paseo, os participantes puideron contemplar os Petr\u00f3glifos do Xuvi\u00f1o, a Capela da Renda, o Castro da Sivid\u00e1 e as Fervenzas e Mu\u00ed\u00f1os do Pereiro.<\/p>\n\n\n\n<p>Adem\u00e1is de desfrutar dunha xornada de paseo se recaudaron bens navide\u00f1os, xoguetes e comida, que foron entregadas aos servizos sociais do Concello de Poio. Por\u00e9n, dende Mus.Co, queremos agradecer a todas esas persoas que axudaron nesta iniciativa.<\/p>\n\n\n\n<figure class=\"wp-block-gallery has-nested-images columns-default is-cropped wp-block-gallery-1 is-layout-flex wp-block-gallery-is-layout-flex\">\n<figure class=\"wp-block-image size-large\"><img loading=\"lazy\" decoding=\"async\" width=\"683\" height=\"1024\" data-id=\"131\" src=\"https:\/\/museodecombarro.armadinha.gal\/wp-content\/uploads\/2022\/03\/234298b4-4275-4893-9f5d-a4e9717a3fdc-683x1024.jpg\" alt=\"\" class=\"wp-image-131\" srcset=\"https:\/\/museodecombarro.armadinha.gal\/wp-content\/uploads\/2022\/03\/234298b4-4275-4893-9f5d-a4e9717a3fdc-683x1024.jpg 683w, https:\/\/museodecombarro.armadinha.gal\/wp-content\/uploads\/2022\/03\/234298b4-4275-4893-9f5d-a4e9717a3fdc-200x300.jpg 200w, https:\/\/museodecombarro.armadinha.gal\/wp-content\/uploads\/2022\/03\/234298b4-4275-4893-9f5d-a4e9717a3fdc-768x1152.jpg 768w, https:\/\/museodecombarro.armadinha.gal\/wp-content\/uploads\/2022\/03\/234298b4-4275-4893-9f5d-a4e9717a3fdc-1024x1536.jpg 1024w, https:\/\/museodecombarro.armadinha.gal\/wp-content\/uploads\/2022\/03\/234298b4-4275-4893-9f5d-a4e9717a3fdc.jpg 1066w\" sizes=\"auto, (max-width: 683px) 100vw, 683px\" \/><\/figure>\n\n\n\n<figure class=\"wp-block-image size-large\"><img loading=\"lazy\" decoding=\"async\" width=\"724\" height=\"1024\" data-id=\"132\" src=\"https:\/\/museodecombarro.armadinha.gal\/wp-content\/uploads\/2022\/03\/b609a1d2-8abc-4afc-8f77-6f77185d5650-724x1024.jpg\" alt=\"\" class=\"wp-image-132\" srcset=\"https:\/\/museodecombarro.armadinha.gal\/wp-content\/uploads\/2022\/03\/b609a1d2-8abc-4afc-8f77-6f77185d5650-724x1024.jpg 724w, https:\/\/museodecombarro.armadinha.gal\/wp-content\/uploads\/2022\/03\/b609a1d2-8abc-4afc-8f77-6f77185d5650-212x300.jpg 212w, https:\/\/museodecombarro.armadinha.gal\/wp-content\/uploads\/2022\/03\/b609a1d2-8abc-4afc-8f77-6f77185d5650-768x1086.jpg 768w, https:\/\/museodecombarro.armadinha.gal\/wp-content\/uploads\/2022\/03\/b609a1d2-8abc-4afc-8f77-6f77185d5650-1086x1536.jpg 1086w, https:\/\/museodecombarro.armadinha.gal\/wp-content\/uploads\/2022\/03\/b609a1d2-8abc-4afc-8f77-6f77185d5650.jpg 1131w\" sizes=\"auto, (max-width: 724px) 100vw, 724px\" \/><\/figure>\n\n\n\n<figure class=\"wp-block-image size-large\"><img loading=\"lazy\" decoding=\"async\" width=\"1600\" height=\"799\" data-id=\"137\" src=\"https:\/\/museodecombarro.armadinha.gal\/wp-content\/uploads\/2022\/03\/70e51d16-2632-45f4-a976-20f54e376b68-edited.jpg\" alt=\"\" class=\"wp-image-137\" srcset=\"https:\/\/museodecombarro.armadinha.gal\/wp-content\/uploads\/2022\/03\/70e51d16-2632-45f4-a976-20f54e376b68-edited.jpg 1600w, https:\/\/museodecombarro.armadinha.gal\/wp-content\/uploads\/2022\/03\/70e51d16-2632-45f4-a976-20f54e376b68-edited-300x150.jpg 300w, https:\/\/museodecombarro.armadinha.gal\/wp-content\/uploads\/2022\/03\/70e51d16-2632-45f4-a976-20f54e376b68-edited-1024x511.jpg 1024w, https:\/\/museodecombarro.armadinha.gal\/wp-content\/uploads\/2022\/03\/70e51d16-2632-45f4-a976-20f54e376b68-edited-768x384.jpg 768w, https:\/\/museodecombarro.armadinha.gal\/wp-content\/uploads\/2022\/03\/70e51d16-2632-45f4-a976-20f54e376b68-edited-1536x767.jpg 1536w\" sizes=\"auto, (max-width: 1600px) 100vw, 1600px\" \/><\/figure>\n<\/figure>\n","protected":false},"excerpt":{"rendered":"<p>Na ma\u00f1\u00e1 do d\u00eda 19 de decembro (2021), Mus.Co organiz\u00f3u un roteiro ben\u00e9fico pola contorna de Combarro ata as Fervenzas do Pereiro para dar a co\u00f1ecer o patrimonio cultural e natural. Neste roteiro participaron unha veintena de persoas que desfrutaron da cara m\u00e1is desco\u00f1ecida de Combarro. A trav\u00e9s dos case dez kil\u00f3metros do paseo, os&hellip;&nbsp;<a href=\"https:\/\/museodecombarro.armadinha.gal\/?page_id=129\" rel=\"bookmark\">Ler m\u00e1is &raquo;<span class=\"screen-reader-text\">Facemos Cami\u00f1o?<\/span><\/a><\/p>\n","protected":false},"author":1,"featured_media":0,"parent":0,"menu_order":0,"comment_status":"closed","ping_status":"closed","template":"","meta":{"neve_meta_sidebar":"full-width","neve_meta_container":"","neve_meta_enable_content_width":"on","neve_meta_content_width":100,"neve_meta_title_alignment":"","neve_meta_author_avatar":"","neve_post_elements_order":"","neve_meta_disable_header":"","neve_meta_disable_footer":"","neve_meta_disable_title":"","footnotes":""},"class_list":["post-129","page","type-page","status-publish","hentry"],"_links":{"self":[{"href":"https:\/\/museodecombarro.armadinha.gal\/index.php?rest_route=\/wp\/v2\/pages\/129","targetHints":{"allow":["GET"]}}],"collection":[{"href":"https:\/\/museodecombarro.armadinha.gal\/index.php?rest_route=\/wp\/v2\/pages"}],"about":[{"href":"https:\/\/museodecombarro.armadinha.gal\/index.php?rest_route=\/wp\/v2\/types\/page"}],"author":[{"embeddable":true,"href":"https:\/\/museodecombarro.armadinha.gal\/index.php?rest_route=\/wp\/v2\/users\/1"}],"replies":[{"embeddable":true,"href":"https:\/\/museodecombarro.armadinha.gal\/index.php?rest_route=%2Fwp%2Fv2%2Fcomments&post=129"}],"version-history":[{"count":6,"href":"https:\/\/museodecombarro.armadinha.gal\/index.php?rest_route=\/wp\/v2\/pages\/129\/revisions"}],"predecessor-version":[{"id":146,"href":"https:\/\/museodecombarro.armadinha.gal\/index.php?rest_route=\/wp\/v2\/pages\/129\/revisions\/146"}],"wp:attachment":[{"href":"https:\/\/museodecombarro.armadinha.gal\/index.php?rest_route=%2Fwp%2Fv2%2Fmedia&parent=129"}],"curies":[{"name":"wp","href":"https:\/\/api.w.org\/{rel}","templated":true}]}}

Facemos Camiño?

<p>Na mañá do día 19 de decembro (2021), Mus.Co organizóu un roteiro benéfico pola contorna de Combarro ata as Fervenzas do Pereiro para dar a coñecer o patrimonio cultural e natural.</p>



<p>Neste roteiro participaron unha veintena de persoas que desfrutaron da cara máis descoñecida de Combarro. A través dos case dez kilómetros do paseo, os participantes puideron contemplar os Petróglifos do Xuviño, a Capela da Renda, o Castro da Sividá e as Fervenzas e Muíños do Pereiro.</p>



<p>Ademáis de desfrutar dunha xornada de paseo se recaudaron bens navideños, xoguetes e comida, que foron entregadas aos servizos sociais do Concello de Poio. Porén, dende Mus.Co, queremos agradecer a todas esas persoas que axudaron nesta iniciativa.</p>



<figure class="wp-block-gallery has-nested-images columns-default is-cropped wp-block-gallery-1 is-layout-flex wp-block-gallery-is-layout-flex">
<figure class="wp-block-image size-large"><img loading="lazy" decoding="async" width="683" height="1024" data-id="131" src="https://museodecombarro.armadinha.gal/wp-content/uploads/2022/03/234298b4-4275-4893-9f5d-a4e9717a3fdc-683x1024.jpg" alt="" class="wp-image-131" srcset="https://museodecombarro.armadinha.gal/wp-content/uploads/2022/03/234298b4-4275-4893-9f5d-a4e9717a3fdc-683x1024.jpg 683w, https://museodecombarro.armadinha.gal/wp-content/uploads/2022/03/234298b4-4275-4893-9f5d-a4e9717a3fdc-200x300.jpg 200w, https://museodecombarro.armadinha.gal/wp-content/uploads/2022/03/234298b4-4275-4893-9f5d-a4e9717a3fdc-768x1152.jpg 768w, https://museodecombarro.armadinha.gal/wp-content/uploads/2022/03/234298b4-4275-4893-9f5d-a4e9717a3fdc-1024x1536.jpg 1024w, https://museodecombarro.armadinha.gal/wp-content/uploads/2022/03/234298b4-4275-4893-9f5d-a4e9717a3fdc.jpg 1066w" sizes="auto, (max-width: 683px) 100vw, 683px" /></figure>



<figure class="wp-block-image size-large"><img loading="lazy" decoding="async" width="724" height="1024" data-id="132" src="https://museodecombarro.armadinha.gal/wp-content/uploads/2022/03/b609a1d2-8abc-4afc-8f77-6f77185d5650-724x1024.jpg" alt="" class="wp-image-132" srcset="https://museodecombarro.armadinha.gal/wp-content/uploads/2022/03/b609a1d2-8abc-4afc-8f77-6f77185d5650-724x1024.jpg 724w, https://museodecombarro.armadinha.gal/wp-content/uploads/2022/03/b609a1d2-8abc-4afc-8f77-6f77185d5650-212x300.jpg 212w, https://museodecombarro.armadinha.gal/wp-content/uploads/2022/03/b609a1d2-8abc-4afc-8f77-6f77185d5650-768x1086.jpg 768w, https://museodecombarro.armadinha.gal/wp-content/uploads/2022/03/b609a1d2-8abc-4afc-8f77-6f77185d5650-1086x1536.jpg 1086w, https://museodecombarro.armadinha.gal/wp-content/uploads/2022/03/b609a1d2-8abc-4afc-8f77-6f77185d5650.jpg 1131w" sizes="auto, (max-width: 724px) 100vw, 724px" /></figure>



<figure class="wp-block-image size-large"><img loading="lazy" decoding="async" width="1600" height="799" data-id="137" src="https://museodecombarro.armadinha.gal/wp-content/uploads/2022/03/70e51d16-2632-45f4-a976-20f54e376b68-edited.jpg" alt="" class="wp-image-137" srcset="https://museodecombarro.armadinha.gal/wp-content/uploads/2022/03/70e51d16-2632-45f4-a976-20f54e376b68-edited.jpg 1600w, https://museodecombarro.armadinha.gal/wp-content/uploads/2022/03/70e51d16-2632-45f4-a976-20f54e376b68-edited-300x150.jpg 300w, https://museodecombarro.armadinha.gal/wp-content/uploads/2022/03/70e51d16-2632-45f4-a976-20f54e376b68-edited-1024x511.jpg 1024w, https://museodecombarro.armadinha.gal/wp-content/uploads/2022/03/70e51d16-2632-45f4-a976-20f54e376b68-edited-768x384.jpg 768w, https://museodecombarro.armadinha.gal/wp-content/uploads/2022/03/70e51d16-2632-45f4-a976-20f54e376b68-edited-1536x767.jpg 1536w" sizes="auto, (max-width: 1600px) 100vw, 1600px" /></figure>
</figure>

<p>Na mañá do día 19 de decembro (2021), Mus.Co organizóu un roteiro benéfico pola contorna de Combarro ata as Fervenzas do Pereiro para dar a coñecer o patrimonio cultural e natural. Neste roteiro participaron unha veintena de persoas que desfrutaron da cara máis descoñecida de Combarro. A través dos case dez kilómetros do paseo, os&hellip;&nbsp;<a href="https://museodecombarro.armadinha.gal/?page_id=129" rel="bookmark">Ler máis &raquo;<span class="screen-reader-text">Facemos Camiño?</span></a></p>
